{"id":620,"date":"2020-10-15T06:47:45","date_gmt":"2020-10-15T06:47:45","guid":{"rendered":"http:\/\/sao-malandrao.com\/?page_id=620"},"modified":"2020-12-10T07:49:33","modified_gmt":"2020-12-10T07:49:33","slug":"disclaimer","status":"publish","type":"page","link":"https:\/\/sao-malandrao.com\/index.php\/disclaimer\/","title":{"rendered":"Disclaimer"},"content":{"rendered":"\r\n<p>Sao-malandrao.com und sein Betreiber bieten keine steuerrechtliche Beratung. Keine der hier dargebotenen Inhalte ist als solche zu verstehen. Insbesondere soweit es steuerrechtliche Themen betrifft, ist unsere T\u00e4tigkeit journalistischer Natur. Wir teilen allgemeing\u00fcltige Informationen, Erkenntnisse und Meinungen aus Prim\u00e4rquellen (Gesetzestexten) und Sekund\u00e4rquellen (Fachliteratur), wobei keine Haftung f\u00fcr die Richtigkeit der hier dargestellten Informationen \u00fcbernommen werden kann. Es kann auch keine Haftung f\u00fcr vom Leser selbst gezogene Fehlschl\u00fcsse auf Basis der hier dargestellten Informationen \u00fcbernommen werden. Jeder Lebenssachverhalt bietet unterschiedliche Details und erfordert daher stets eine individuelle Betrachtung und Beurteilung. Wir empfehlen jedem Leser dieser Seite bei konkreten steuerrechtlichen Fragen eine Beratung bei einem Steuerberater aufzusuchen.<\/p>\r\n\r\n\r\n\r\n<p><strong>Haftung f\u00fcr Inhalte<\/strong><\/p>\r\n\r\n\r\n\r\n<p>Als Diensteanbieter sind wir gem\u00e4\u00df \u00a7 7 Abs.1 TMG f\u00fcr eigene Inhalte auf diesen Seiten nach den allgemeinen Gesetzen verantwortlich. Nach \u00a7\u00a7 8 bis 10 TMG sind wir als Diensteanbieter jedoch nicht verpflichtet, \u00fcbermittelte oder gespeicherte fremde Informationen zu \u00fcberwachen oder nach Umst\u00e4nden zu forschen, die auf eine rechtswidrige T\u00e4tigkeit hinweisen.<\/p>\r\n<p>Die Blog Beitr\u00e4ge bieten jeweils eine Kommentarfunktion. Die hier ver\u00f6ffentlichten Kommentare stellen allein die Meinung des Kommentarschreibers dar. Wir machen uns diese Kommentare und die hierin dargestellten Meinungen nicht zu Eigen.<\/p>\r\n\r\n\r\n\r\n<p>Verpflichtungen zur Entfernung oder Sperrung der Nutzung von Informationen nach den allgemeinen Gesetzen bleiben hiervon unber\u00fchrt. Eine diesbez\u00fcgliche Haftung ist jedoch erst ab dem Zeitpunkt der Kenntnis einer konkreten Rechtsverletzung m\u00f6glich. Bei Bekanntwerden von entsprechenden Rechtsverletzungen werden wir diese Inhalte umgehend entfernen.<\/p>\r\n\r\n\r\n\r\n<p><strong>Haftung f\u00fcr Links<\/strong><\/p>\r\n\r\n\r\n\r\n<p>Unser Angebot enth\u00e4lt Links zu externen Websites Dritter, auf deren Inhalte wir keinen Einfluss haben. Deshalb k\u00f6nnen wir f\u00fcr diese fremden Inhalte auch keine Gew\u00e4hr \u00fcbernehmen. F\u00fcr die Inhalte der verlinkten Seiten ist stets der jeweilige Anbieter oder Betreiber der Seiten verantwortlich. Die verlinkten Seiten wurden zum Zeitpunkt der Verlinkung auf m\u00f6gliche Rechtsverst\u00f6\u00dfe \u00fcberpr\u00fcft. Rechtswidrige Inhalte waren zum Zeitpunkt der Verlinkung nicht erkennbar.<\/p>\r\n\r\n\r\n\r\n<p>Eine permanente inhaltliche Kontrolle der verlinkten Seiten ist jedoch ohne konkrete Anhaltspunkte einer Rechtsverletzung nicht zumutbar. Bei Bekanntwerden von Rechtsverletzungen werden wir derartige Links umgehend entfernen.<\/p>\r\n\r\n\r\n\r\n<p><strong>Urheberrecht<\/strong><\/p>\r\n\r\n\r\n\r\n<p>Die durch die Seitenbetreiber erstellten Inhalte und Werke auf diesen Seiten unterliegen dem deutschen Urheberrecht. Die Vervielf\u00e4ltigung, Bearbeitung, Verbreitung und jede Art der Verwertung au\u00dferhalb der Grenzen des Urheberrechtes bed\u00fcrfen der schriftlichen Zustimmung des jeweiligen Autors bzw. Erstellers. Downloads und Kopien dieser Seite sind nur f\u00fcr den privaten, nicht kommerziellen Gebrauch gestattet.<\/p>\r\n\r\n\r\n\r\n<p>Soweit die Inhalte auf dieser Seite nicht vom Betreiber erstellt wurden, werden die Urheberrechte Dritter beachtet. Insbesondere werden Inhalte Dritter als solche gekennzeichnet. Sollten Sie trotzdem auf eine Urheberrechtsverletzung aufmerksam werden, bitten wir um einen entsprechenden Hinweis. Bei Bekanntwerden von Rechtsverletzungen werden wir derartige Inhalte umgehend entfernen.<\/p>\r\n","protected":false},"excerpt":{"rendered":"<p>Sao-malandrao.com und sein Betreiber bieten keine steuerrechtliche Beratung. Keine der hier dargebotenen Inhalte ist als solche zu verstehen. Insbesondere soweit es steuerrechtliche Themen betrifft, ist<\/p>\n<p><a href=\"https:\/\/sao-malandrao.com\/index.php\/disclaimer\/\" class=\"more-link\">Read More<span class=\"screen-reader-text\">Disclaimer<\/span><\/a><\/p>\n","protected":false},"author":3,"featured_media":0,"parent":0,"menu_order":0,"comment_status":"closed","ping_status":"closed","template":"","meta":{"footnotes":""},"class_list":["post-620","page","type-page","status-publish","hentry"],"aioseo_notices":[],"_links":{"self":[{"href":"https:\/\/sao-malandrao.com\/index.php\/wp-json\/wp\/v2\/pages\/620"}],"collection":[{"href":"https:\/\/sao-malandrao.com\/index.php\/wp-json\/wp\/v2\/pages"}],"about":[{"href":"https:\/\/sao-malandrao.com\/index.php\/wp-json\/wp\/v2\/types\/page"}],"author":[{"embeddable":true,"href":"https:\/\/sao-malandrao.com\/index.php\/wp-json\/wp\/v2\/users\/3"}],"replies":[{"embeddable":true,"href":"https:\/\/sao-malandrao.com\/index.php\/wp-json\/wp\/v2\/comments?post=620"}],"version-history":[{"count":7,"href":"https:\/\/sao-malandrao.com\/index.php\/wp-json\/wp\/v2\/pages\/620\/revisions"}],"predecessor-version":[{"id":1098,"href":"https:\/\/sao-malandrao.com\/index.php\/wp-json\/wp\/v2\/pages\/620\/revisions\/1098"}],"wp:attachment":[{"href":"https:\/\/sao-malandrao.com\/index.php\/wp-json\/wp\/v2\/media?parent=620"}],"curies":[{"name":"wp","href":"https:\/\/api.w.org\/{rel}","templated":true}]}}